o**3 - 139*o**2 + 70*o - 81. Give f(69).
-12
Let x(z) = -z**2 - 4*z + 26. What is x(-8)?
-6
Let g(k) = -8*k**3 - 6*k**2 - 100*k + 314. Determine g(3).
-256
Let y(f) = -144*f - 1063. What is y(-6)?
-199
Let y(p) = -p**3 + p**2 + 4*p - 28. Calculate y(-3).
-4
Let y(x) = -x**2 - 52*x + 1161. Give y(17).
-12
Let c(r) = 31*r + 257. Calculate c(-10).
-53
Let v(m) = -m**2 + 59*m - 196. Calculate v(52).
168
Let t(b) = -4*b**2 + 268*b + 37. Give t(66).
301
Let c(t) = -2*t**3 + 672*t**2 + 2023*t + 3733. Calculate c(339).
4
Let o(b) = -4*b**3 - 12*b**2 + 17*b - 1. What is o(-5)?
114
Let c(y) = -5*y**2 + 76*y - 20. Give c(14).
64
Let s(r) = -234*r + 3833. Determine s(16).
89
Let a(p) = 37*p + 559. Determine a(-17).
-70
Let q(s) = 7527*s + 75282. Determine q(-10).
12
Let r(x) = -x**3 - 21*x**2 + 18*x + 769. Calculate r(-20).
9
Let u(f) = -f**3 - 23*f**2 - 124*f + 4. Give u(-14).
-24
Let t(l) = -106*l + 5725. Give t(54).
1
Let j(m) = m**3 + 88*m**2 - 89*m - 15. Determine j(-89).
-15
Let x(o) = 38*o - 299. What is x(6)?
-71
Let a(o) = 27*o - 864. Calculate a(55).
621
Let q(u) = -243*u + 11914. Determine q(49).
7
Let d(b) = -3*b**2 + 64*b - 216. What is d(4)?
-8
Let z(x) = -67*x + 3161. Give z(50).
-189
Let g(u) = 1347*u + 13441. Give g(-10).
-29
Let w(t) = 8*t**2 - t + 1. Calculate w(2).
31
Let p(s) = -25*s - 265. Determine p(-11).
10
Let r(j) = 3*j**3 - 15*j**2 - 8*j + 4. Calculate r(7).
242
Let o(s) = 2*s**2 + 105*s - 473. Give o(-62).
705
Let b(x) = 670*x + 1993. Give b(-3).
-17
Let a(v) = v**3 + 4*v**2 + 16*v + 13. Give a(-6).
-155
Let z(b) = -2*b**2 + 15*b - 34. Determine z(7).
-27
Let z(m) = 2*m**3 + 149*m**2 - 68*m + 547. What is z(-75)?
22
Let b(d) = -132*d + 500. Give b(4).
-28
Let m(l) = -2*l**3 - 150*l**2 + 127*l - 1912. Give m(-76).
-12
Let g(j) = 55*j - 1618. Calculate g(30).
32
Let v(l) = 256*l - 15103. Give v(59).
1
Let h(b) = -b**3 + 22*b**2 + 13*b - 63. Calculate h(22).
223
Let j(z) = -1033*z + 4171. Determine j(4).
39
Let u(q) = 9*q**2 + 1145*q + 1386. What is u(-126)?
0
Let f(i) = 3167*i + 50667. Calculate f(-16).
-5
Let d(n) = -19*n + 926. Give d(35).
261
Let r(h) = 3*h**3 + 38*h**2 + 85*h + 16. Calculate r(-7).
254
Let s(x) = 4301*x - 498910. Calculate s(116).
6
Let w(c) = 26*c - 118. Give w(2).
-66
Let g(x) = 20*x + 232. Give g(-14).
-48
Let i(m) = m**3 - 35*m**2 - 148*m + 11. Determine i(-4).
-21
Let p(b) = -b**3 - 20*b**2 + 26*b + 1139. What is p(7)?
-2
Let p(d) = -d**3 + 21*d**2 - 21*d - 100. Determine p(19).
223
Let j(w) = 281*w + 21639. Calculate j(-77).
2
Let v(h) = 2*h**3 + 2*h**2 - 58*h + 326. Calculate v(5).
336
Let p(n) = 2*n**2 + 27*n - 73. Determine p(-12).
-109
Let c(v) = -2*v**3 - 47*v**2 + 19*v + 965. Calculate c(-23).
-1
Let t(v) = 6*v**3 - 5*v**2 + 7*v - 12. Calculate t(3).
126
Let x(k) = -3*k**3 - 330*k**2 + 662*k + 5. Calculate x(2).
-15
Let w(f) = f**3 - 25*f**2 - 21*f - 81. Give w(26).
49
Let p(s) = 569*s + 2913. What is p(-5)?
68
Let r(a) = a**2 + 15*a + 42. Determine r(-5).
-8
Let y(c) = 342*c + 2330. Calculate y(-7).
-64
Let h(d) = 14*d + 1150. Calculate h(-84).
-26
Let t(z) = -z**3 - 3*z**2 - z + 118. Give t(0).
118
Let p(k) = 3*k**2 + 31*k - 21. Calculate p(-9).
-57
Let z(r) = r**2 + 23*r + 51. What is z(-21)?
9
Let s(t) = -219*t + 7822. What is s(36)?
-62
Let j(v) = -v**2 + 2*v + 9. Give j(16).
-215
Let r(n) = 75*n + 797. Determine r(-10).
47
Let h(z) = z**3 - 9*z**2 - 15*z + 104. Determine h(9).
-31
Let t(b) = -2260*b - 4539. Give t(-2).
-19
Let j(t) = -2*t + 112. Calculate j(-4).
120
Let c(w) = 202*w + 1473. What is c(-7)?
59
Let c(o) = -o**2 - 43*o - 53. Give c(-39).
103
Let n(s) = -77*s - 777. What is n(-2)?
-623
Let s(d) = -d**2 - 49*d - 96. What is s(-42)?
198
Let t(u) = -110*u - 2758. What is t(-27)?
212
Let q(h) = -4*h**2 - 2355*h + 9482. Calculate q(4).
-2
Let b(v) = v**2 - 16*v + 37. Give b(14).
9
Let l(t) = t**2 - 33*t - 26. Calculate l(20).
-286
Let r(j) = -3*j**3 + 12*j**2 - 21*j + 87. Determine r(4).
3
Let q(n) = -527*n**2 - 8*n + 7. What is q(1)?
-528
Let i(t) = -48*t**2 + 238*t - 63. What is i(6)?
-363
Let g(n) = -143*n**2 - 4291*n - 31. Calculate g(-30).
-1
Let w(f) = -75*f - 1343. Give w(-18).
7
Let d(a) = 23*a - 1183. Give d(52).
13
Let j(i) = -i - 313. Calculate j(-30).
-283
Let z(y) = y**3 - 23*y**2 - 53*y + 63. Determine z(25).
-12
Let n(c) = 7*c - 104. Determine n(13).
-13
Let l(g) = 20*g + 643. What is l(-34)?
-37
Let l(i) = -4*i**3 + 53*i**2 - 8*i - 62. What is l(13)?
3
Let n(d) = -151*d + 1811. Give n(12).
-1
Let j(l) = -120*l - 473. Give j(-4).
7
Let k(f) = 36*f - 152. What is k(6)?
64
Let a(g) = 3*g**2 - 16*g + 11. Give a(7).
46
Let t(b) = -16*b**3 + b**2 - 19*b - 20. Give t(-1).
16
Let n(g) = -45*g - 602. Determine n(-18).
208
Let q(l) = 12*l - 88. Calculate q(7).
-4
Let f(s) = -s**3 + 35*s**2 + 50*s - 388. What is f(36)?
116
Let d(q) = 4*q**2 + 31*q + 121. Determine d(-6).
79
Let n(q) = q**2 + 45*q - 1134. Determine n(18).
0
Let o(l) = 6305*l**2 - 18914*l + 4. Determine o(3).
7
Let w(t) = -14*t**2 + 1855*t + 928. What is w(133)?
-3
Let o(q) = -263*q - 1611. Calculate o(-6).
-33
Let c(n) = -32*n + 801. Give c(25).
1
Let d(t) = -t**3 + 53*t**2 + 15*t + 8554. Calculate d(56).
-14
Let d(o) = 642*o - 4452. Calculate d(7).
42
Let j(v) = 21*v - 927. Determine j(45).
18
Let q(x) = 17*x**2 + 66*x - 10. Calculate q(-4).
-2
Let i(u) = u**3 + 102*u**2 + 919*u - 92. What is i(-92)?
0
Let i(h) = -8*h**2 + 119*h + 55. Determine i(15).
40
Let b(d) = -d**3 - 11*d**2 - 4*d - 71. Give b(-11).
-27
Let y(z) = -2*z**3 + 48*z**2 - 148*z + 11. Give y(21).
-451
Let g(v) = v**3 - 28*v**2 + 16*v + 16. Determine g(27).
-281
Let k(c) = -c**2 - 24*c + 63. Give k(-26).
11
Let r(u) = 36*u + 3081. What is r(-86)?
-15
Let p(c) = 2*c**2 - 784*c + 3098. What is p(4)?
-6
Let t(v) = -2*v**2 + 19*v + 6024. Determine t(60).
-36
Let i(r) = 74*r + 3221. Give i(-43).
39
Let p(v) = -156*v + 143. What is p(1)?
-13
Let f(s) = -s**3 - 230*s**2 - 1123*s. What is f(-5)?
-10
Let y(q) = -2*q**3 + 53*q**2 + 469*q - 3. Calculate y(-7).
-3
Let x(k) = 20*k**2 - 7*k + 4. Give x(4).
296
Let h(b) = b**3 + 172*b**2 + 527*b + 3376. What is h(-169)?
-4
Let w(f) = -f**2 + 30*f + 182. Determine w(34).
46
Let c(k) = 3*k**2 - 41*k + 7. Calculate c(15).
67
Let y(t) = 2*t**3 + 18*t**2 - 44*t - 396. Determine y(-9).
0
Let s(v) = -160*v**2 + 2. What is s(-1)?
-158
Let l(g) = 2*g**3 - 7*g**2 + 17*g + 42. Calculate l(6).
324
Let h(d) = -3*d**2 + 4*d - 23. Determine h(-4).
-87
Let x(k) = 11*k**2 + 256*k - 1050. Give x(-27).
57
Let o(v) = -v**3 + 27*v**2 - 162*v + 32. Give o(18).
32
Let w(y) = 2*y**3 + 38*y**2 - 509*y - 137. Calculate w(-28).
3
Let i(n) = -2*n**2 + 14*n + 34. Give i(-7).
-162
Let d(z) = 77*z + 771. Determine d(-10).
1
Let r(g) = 112*g - 5901. Give r(55).
259
Let t(v) = -31*v + 232. Give t(8).
-16
Let s(d) = 10*d**2 - 213*d + 54. What is s(22)?
208
Let r(w) = 18*w + 146. Give r(-26).
-322
Let a(v) = -3*v**3 - 3*v**2 + 2*v + 3. Give a(-4).
139
Let c(l) = l**3 - 22*l**2 + 58*l + 89. Give c(19).
108
Let g(o) = -2*o**2 + 44*o - 3. Calculate g(22).
-3
Let q(z) = 6*z**3 + 1230*z**2 + z + 206. Give q(-205).
1
Let q(j) = 5524*j + 44184. What is q(-8)?
-8
Let c(a) = -1745*a + 27911. Determine c(16).
-9
Let i(u) = 9*u**2 + 2*u - 121. Give i(-7).
306
Let a(l) = -2*l - 33. Calculate a(8).
-49
Let y(p) = -155*p - 544. Give y(-4).
76
Let v(n) = n**3 - 7*n**2 - 35*n + 248. Calculate v(7).
3
Let r(m) = -m**2 + 10*m + 399. Determine r(-17).
-60
Let o(m) = 457*m - 22397. Calculate o(49).
-4
Let c(o) = -2*o**3 - 35*o**2 + 3*o - 252. Give c(-18).
18
Let a(q) = -678*q - 8122. Calculate a(-12).
14
Let u(i) = -i**3 - 17*i**2 + 34*i - 60. Give u(-19).
16
Let k(a) = 6*a**3 - 139*a**2 - 87*a + 2533. Calculate k(23).
3
Let q(o) = -11*o**3 - 6*o**2 - 12*o + 55. Calculate q(3).
-332
Let c(p) = -p**3 - 5*p**2 - 30*p - 13. Determine c(-4).
91
Let g(f) = -2*f**2 + 197*f + 486. Calculate g(101).
-19
Let b(j) = j**2 - 27*j - 211. Determine b(33).
-13
Let z(k) = 55*k - 423. Determine z(6).
-93
Let f(c) = c**2 + 23*c + 342. Give f(-33).
672
Let i(y) = 4*y**3 + 62*y**2 - 36*y - 61. What is i(-16)?
3
Let g(u) = -u**2 - 14*u + 97. Determine g(-19).
2
Let d(h) = -731*h - 273399. Determine d(-374).
-5
Let q(f) = -221*f - 6607. Give q(-30).
23
Let i(z) = -91*z - 637. Give 